 = -10*q + n. What is the units digit of q?
0
Suppose 9*q + 2*q = -605. Let m be (-52)/(-10) - (-11)/q. Suppose -64 - 61 = -2*j + 5*g, -m*j + 265 = -3*g. What is the tens digit of j?
5
Let p(x) = 638*x**2 + 0*x + x - 568*x**2 + 7. What is the hundreds digit of p(3)?
6
Suppose -3*x - 2*n + 123000 = 0, -101830 = -3*x - 5*n + 21161. What is the thousands digit of x?
1
Let o = -280 - -221. What is the units digit of o/((4 + 0)/(-20))?
5
Let a(t) = 2*t + 326. Let u be a(-43). Let v(k) = -58*k. Let m be v(-2). Suppose -2*w - 2*g + m = 0, -4*w + 2*g + u = -2*g. What is the tens digit of w?
5
Let t = 3956 - -1646. What is the units digit of t?
2
Let f(w) = 49*w + 3200. What is the thousands digit of f(28)?
4
Let v be -78814 + ((-15)/(-10))/((-3)/(-2)). Let w be 3*(-1)/(-15) - v/35. What is the units digit of 24/(-216) - w/(-18)?
5
Suppose -2*b = b + 186. Let d = 129 - b. Suppose 0 = 7*s - 576 + d. What is the units digit of s?
5
Suppose 0 = -2*i + 4*a + 17886 - 526, -4*a + 26080 = 3*i. What is the hundreds digit of i?
6
Let b = -133 - -748. Suppose 807 + b = 3*s. What is the tens digit of s?
7
Let u(i) = 0*i**2 + 9*i + 2 - 5*i**2 + 0*i**2 + 0*i**2. Let y be u(4). Let j = 87 + y. What is the units digit of j?
5
Let l = -6506 + 42730. Suppose 132164 = 52*g + l. What is the tens digit of g?
4
Suppose 2*z - 8 = -0*z, -3*z - 3 = -5*i. Suppose -i*l + 494 = -307. Suppose 12*k + l = 1407. What is the tens digit of k?
9
Suppose -10*d + 12*d - 2766 = 5*w, 0 = 4*w + d + 2218. Let m = -10 - w. What is the tens digit of m?
4
Suppose -3*q + 3*v = -132, -q - 5*v + 20 = -18. Let h = q - 39. Suppose 5*d + 3*o - 343 = 6*o, -2*d + 158 = h*o. What is the units digit of d?
1
Let h(t) = -t**3 - 7*t**2 + 12*t + 32. Let r be h(-8). Suppose r = 24*q - 3390 - 29058. What is the thousands digit of q?
1
Suppose 0 = 6*n + 24*n + n - 284704. What is the hundreds digit of n?
1
Let c = 21 - 22. Let b be c*2/(-3)*9. Suppose -2*w + 28 = b. What is the tens digit of w?
1
Suppose 22*g - 142*g + 7200 = 0. What is the units digit of g?
0
What is the tens digit of (565301/(-85) - 2)*-5?
6
Suppose 3*g = -12, s - 3*g + 8*g + 487 = 0. Let a = -255 - s. Suppose 0 = -5*p + 4*b + a, 4*b = p + 5*b - 46. What is the units digit of p?
4
Suppose -20*x + 999 = -521. Suppose 81*g - 1915 = x*g. What is the hundreds digit of g?
3
Suppose 67*p = -154*p + 6281704. What is the hundreds digit of p?
4
Suppose 2*o - 64*c + 63*c = 10947, 3 = -c. What is the hundreds digit of o?
4
Let v be 38/((-16)/88 - (-12)/187). Let a = -159 - v. Let s = a + -83. What is the units digit of s?
1
What is the units digit of 72/(-60)*(-4 - 12103/3)?
6
Suppose z = 19*d - 23*d + 11495, -5*d + z + 14380 = 0. What is the units digit of d?
5
Let g(p) = 5*p**2 + 8*p + 3. Let s be g(-5). Let n be (11/2)/(4 + 5 - (-574)/(-64)). Let k = n - s. What is the tens digit of k?
8
Suppose 1763280 = -403*r + 439*r. What is the hundreds digit of r?
9
Suppose 2*m - o = 14302, 3*m - 31*o = -36*o + 21479. What is the units digit of m?
3
Let z be (18/54)/((-2)/186). Let l = 33 - z. What is the units digit of l/3*((-1)/(-4) - -2)?
8
Suppose -4*f + 48994 = 3*y, 0 = -187*f + 184*f + y + 36726. What is the units digit of f?
4
Suppose -160*d = 151*d - 1073526 - 415853. What is the tens digit of d?
8
Let q(g) = 5*g**2 - 2*g - 2. Suppose -9*r = 532 + 197. Let o = r + 76. What is the units digit of q(o)?
3
What is the thousands digit of (133827/(-2))/((-123)/82)?
4
Let w(t) = t**3 - 2*t**2 - t + 2. Suppose -19*m - 2 = -20*m. Let i be w(m). Suppose i*y + y = 110. What is the hundreds digit of y?
1
Let y = 445 - 444. Let h(c) = 2*c + 2. Let o be h(-5). What is the units digit of -4*y/o*42?
1
Let o(h) = 221*h**2 - 5*h - 61. What is the thousands digit of o(11)?
6
Let p be ((-512)/(-96))/((-4)/6). What is the units digit of 778 + p + -4 + 21?
7
Let w(f) = 2*f**3 + 36*f**2 + 98*f + 11. What is the hundreds digit of w(-14)?
2
Let p = -118 + 69. Let v be 9/((-63)/(-628)) - 4/(-14). Let x = p + v. What is the units digit of x?
1
Let w(c) = 858*c**2 + 140*c + 528. What is the units digit of w(-4)?
6
Suppose -2*u - 4*y + 725 = 3*u, u - 145 = 5*y. Let j = u + 973. What is the hundreds digit of j?
1
Let f(h) = -3*h**3 + 85*h**2 + 27*h + 7. Let a be f(29). Let r = a + 1402. What is the tens digit of r?
1
Suppose 0 = 50*q + 533738 - 1488747 - 1068391. What is the ten thousands digit of q?
4
Let s = 9569 - 3459. What is the units digit of s?
0
Suppose 3*u = 7*u + 6*t - 81368, -5*t = 20. What is the ten thousands digit of u?
2
Suppose -3*o - 4*c + 28138 = -17927, -92175 = -6*o - 3*c. What is the thousands digit of o?
5
Let r = -62 + 64. Let d(x) = -56*x - 3*x - 18 - 6 + r*x**2. What is the tens digit of d(31)?
6
Suppose 3*h - 103090 = -99*x + 97*x, -h - 5*x + 34333 = 0. What is the tens digit of h?
6
Let n(x) = 3*x**2 - 2*x + 33. Let d be 420/50 - 4/10. What is the tens digit of n(d)?
0
Suppose 38 - 17 = 7*b. Suppose -b*k - 4*j + 1707 = 0, -k + 2*j + 2*j + 569 = 0. What is the tens digit of k?
6
Suppose -8 = -4*o - i, 0*i + 6 = 3*o - i. Suppose -a + 1709 = 4*q - 179, 4*q - o*a - 1888 = 0. What is the hundreds digit of q?
4
Suppose 3*c = 3*y + 12 + 27, -51 = 3*y + 3*c. What is the tens digit of (-3)/y + (0 - 1099/(-5))?
2
Let u(o) = -o**3 + 17*o**2 + 16*o + 50. Let b be u(18). Suppose -b*n = -18*n - 3*w + 2268, -4*n = -w - 2268. What is the hundreds digit of n?
5
Let y(w) = -57*w + 43. Let u be (-10 + 11)/((-1)/9). Let s be y(u). Suppose 46 = -3*o + s. What is the hundreds digit of o?
1
Suppose -405379 = -48*b + 494429. What is the ten thousands digit of b?
1
Suppose 529*j - 5303574 = 8577829 - 1060030. What is the ten thousands digit of j?
2
Suppose 2*r - 12 = 6*r, 340 = 4*i - 4*r. Suppose i - 78 = -g. What is the hundreds digit of g*2/(-6)*(-1314)/(-8)?
2
Let s(g) = -g**3 + 116*g**2 + 207*g + 369. What is the hundreds digit of s(117)?
8
Let a be (30/(-4))/((-27)/36). Let n = a - 12. What is the tens digit of (-774)/(-12) - n/(-4) - 2?
6
Let p = -219 + 217. Let y(o) = -92*o**3 - 3*o**2 + 2*o + 5. What is the tens digit of y(p)?
2
Suppose 434*q - 13*q = 5576466 + 11551498. What is the units digit of q?
4
Suppose -5*h + 15 = 0, 216*h = j + 221*h - 9828. What is the tens digit of j?
1
Suppose 2*m = 4, -2 = -3*v - v + 3*m. Suppose -2*y + v*z = -12, 0*z = 2*y + 2*z. Suppose -2*s - y*s + 65 = 0. What is the units digit of s?
3
Let g(q) = 574*q**3 + 7*q**2 + 24*q - 14. What is the thousands digit of g(3)?
5
Let g(x) = x**3 + x**2 - x - 1. Let w be g(-1). Let z = 1934 - 1929. Suppose 2*t + 8*l - 230 = 4*l, w = -z*t - l + 602. What is the hundreds digit of t?
1
Let j = -4864 + 14576. What is the tens digit of j?
1
What is the hundreds digit of 417/((270/(-36) + 7)*4/(-214))?
6
Let p be 21/(-14)*-4 - (-2)/(-2). What is the hundreds digit of (10/p)/1 + 475?
4
Let y(n) = 83*n**2 - 7590*n + 146. What is the ten thousands digit of y(98)?
5
What is the tens digit of (1 + (-65835)/(-36))/((-12)/(-480))?
9
Let s = -163 + 167. Suppose -4*d = -3*f - 0*f - 2648, 0 = s*f. What is the tens digit of d?
6
Suppose -680*h + 88308 = -658*h. What is the units digit of h?
4
What is the tens digit of 66*(-93246)/(-243) - 10/135?
2
Suppose 9*p = 5*y + 26 + 237, -76 = -3*p + 4*y. What is the units digit of p?
2
Let y(d) = -2*d**3 - 3*d**2 + 13*d + 3. Let r(a) = a**3 + 4*a**2 - 14*a - 2. Let m(t) = -5*r(t) - 4*y(t). What is the tens digit of m(3)?
6
Let h = 35 + -82. Let a = -43 - h. Suppose 4*k - 5*f = 104, -2*f = 5*k - a*f - 130. What is the units digit of k?
6
Let u(l) = -116 + 4*l**2 - 1133*l + 1099*l - l**2. What is the hundreds digit of u(-14)?
9
Suppose -5*m + 3*u - 8*u + 225 = 0, u - 135 = -3*m. What is the hundreds digit of (m/2)/15 - (-369)/2?
1
Suppose 2*f - 748 = -4*s, 2*f - 192 = -s + 4*f. Let m = s - 104. What is the tens digit of m?
8
What is the units digit of 11/((-264)/(-448))*1629/2?
4
Suppose -28*x = -26*x - 56. Suppose 2*s = -2*c, 3*s = 5*c - c + x. What is the units digit of ((-553)/14)/((-2)/s)?
9
Suppose -57 = o + 2*o. Let l(f) = 20*f - 31 + 6*f**2 + 54 - 5*f**2. What is the units digit of l(o)?
4
Suppose 1078928 = 30*v - 1083502. What is the hundreds digit of v?
0
Suppose 37*m = -30*m + 309339. What is the thousands digit of m?
4
Let z = 52380 + -34766. What is the ten thousa